iple of 9?
True
Is 154 a factor of 243017082?
True
Is 37 a factor of 3550061?
False
Is 77709460 a multiple of 586?
True
Is 2444216 a multiple of 8?
True
Is 1585526563 a multiple of 9244?
False
Does 88 divide 278373216?
True
Is 5 a factor of 538640?
True
Is 5 a factor of 3756511?
False
Does 742 divide 115388534?
False
Does 1697 divide 2060126232?
False
Is 105 a factor of 23890445?
False
Is 363304836 a multiple of 2286?
True
Is 734740032 a multiple of 4944?
False
Is 115 a factor of 157614975?
True
Is 81 a factor of 95579352?
True
Is 6 a factor of 1013368478?
False
Is 199 a factor of 97100645?
False
Is 113915565 a multiple of 27?
True
Is 18933127 a multiple of 615?
False
Is 419 a factor of 640732286?
True
Does 52 divide 231678007?
False
Is 14 a factor of 994939390?
False
Does 56 divide 323859490?
False
Is 13484051 a multiple of 91?
False
Is 202115424 a multiple of 4676?
True
Is 25872090 a multiple of 235?
True
Does 5 divide 140435668?
False
Is 214127 a multiple of 6?
False
Is 35939623 a multiple of 369?
False
Is 3202010 a multiple of 1192?
False
Is 165 a factor of 10797765?
True
Does 335 divide 46707637?
False
Is 46134230 a multiple of 4?
False
Is 16 a factor of 520608?
True
Is 4405 a factor of 79672490?
False
Is 725054191 a multiple of 5314?
False
Is 5630903269 a multiple of 28?
False
Does 113 divide 1174838692?
False
Does 28 divide 130366068?
True
Is 2323411818 a multiple of 3367?
True
Is 6595828704 a multiple of 972?
True
Is 22 a factor of 35149966?
False
Is 9253169 a multiple of 13?
False
Is 298447005 a multiple of 15?
True
Is 780168086 a multiple of 390?
False
Does 15 divide 39177570?
True
Is 117152022 a multiple of 116?
False
Is 104 a factor of 1113110390?
False
Is 1050610 a multiple of 22?
True
Is 22 a factor of 343784496?
True
Does 9 divide 18912861?
True
Is 16797671 a multiple of 397?
False
Does 32 divide 72972608?
True
Is 59 a factor of 79978335?
True
Is 18 a factor of 8580097?
False
Does 26 divide 192923536?
True
Does 410 divide 156973830?
True
Does 2691 divide 161309304?
True
Is 1180059045 a multiple of 43?
False
Is 153 a factor of 51518007?
True
Is 52736301 a multiple of 23?
False
Is 65384111 a multiple of 247?
True
Is 7528328 a multiple of 111?
False
Is 279536967 a multiple of 6021?
True
Does 655 divide 29649885?
True
Is 1787 a factor of 26438184?
False
Does 21 divide 7740695?
False
Does 16 divide 810779264?
True
Is 284128468 a multiple of 43?
False
Is 2905 a factor of 787525165?
True
Is 8 a factor of 179306564?
False
Does 277 divide 41638917?
True
Does 41 divide 226767925?
True
Is 497890616 a multiple of 16?
False
Is 238433587 a multiple of 37?
True
Is 3262 a factor of 298838344?
True
Is 1072145196 a multiple of 6?
True
Does 73 divide 101333928?
True
Is 17 a factor of 5080930?
False
Is 106 a factor of 637924430?
True
Is 341192896 a multiple of 285?
False
Is 414289716 a multiple of 265?
False
Is 43 a factor of 1953656977?
False
Is 24269048 a multiple of 411?
False
Does 1900 divide 16018177?
False
Is 4 a factor of 297476472?
True
Is 222828710 a multiple of 1090?
False
Does 756 divide 13359276?
True
Does 12 divide 29629228?
False
Does 919 divide 28708641?
True
Is 1003 a factor of 33697671?
False
Is 412 a factor of 2653516151?
False
Does 1986 divide 33657436?
False
Is 318853552 a multiple of 2992?
False
Is 1553322230 a multiple of 10?
True
Is 817302848 a multiple of 32?
True
Is 310 a factor of 135837018?
False
Is 289575888 a multiple of 42?
True
Does 47 divide 109779733?
True
Does 38 divide 53148718?
False
Does 109 divide 84550646?
True
Does 3981 divide 263040594?
True
Is 572 a factor of 100299056?
True
Does 17 divide 30850750?
True
Is 35846868 a multiple of 471?
True
Does 7 divide 78826706?
True
Is 191363019 a multiple of 130?
False
Is 325 a factor of 22272900?
True
Is 1287888108 a multiple of 2006?
True
Is 29 a factor of 145859349?
False
Is 404 a factor of 296492368?
True
Is 1756389785 a multiple of 29?
True
Does 204 divide 349812218?
False
Does 1054 divide 270102256?
True
Is 24 a factor of 7029024?
True
Does 12 divide 97412580?
True
Is 15 a factor of 88939728?
False
Is 709263743 a multiple of 3000?
False
Is 232 a factor of 4092016?
True
Is 1457 a factor of 1077952321?
False
Is 81377688 a multiple of 2073?
True
Does 59 divide 27799300?
False
Is 1125 a factor of 1045037940?
False
Does 92 divide 43029991?
False
Is 427 a factor of 948794?
True
Is 2336 a factor of 608936800?
True
Is 255023404 a multiple of 4108?
False
Does 99 divide 19438749?
True
Is 199 a factor of 64536714?
False
Is 69 a factor of 19405472?
False
Does 59 divide 987267499?
False
Is 78276834 a multiple of 474?
True
Does 44 divide 749245762?
False
Is 1003360893 a multiple of 3?
True
Does 1314 divide 183114309?
False
Is 16517172 even?
True
Is 1865 a factor of 60085826?
False
Is 85523053 a multiple of 77?
True
Does 17 divide 294652635?
False
Is 1292070029 a multiple of 2239?
False
Does 183 divide 25934760?
True
Is 2 a factor of 10341888?
True
Does 150 divide 97680189?
False
Is 971024392 a multiple of 4108?
True
Is 144735542 a multiple of 48?
False
Does 3554 divide 32842496?
False
Is 3279 a factor of 229161957?
False
Is 901 a factor of 1823507897?
False
Does 1036 divide 228740512?
True
Does 7 divide 669172287?
True
Does 21 divide 73478131?
False
Does 16 divide 1058259063?
False
Is 22 a factor of 63224326?
True
Does 29 divide 12056189?
False
Is 161613677 a multiple of 19?
True
Is 95803448 a multiple of 6?
False
Is 281 a factor of 40235447?
False
Is 388 a factor of 1099456683?
False
Does 18 divide 50506056?
True
Is 24 a factor of 2415216?
True
Is 1698287097 a multiple of 51?
True
Is 92924570 a multiple of 1413?
False
Is 1049252271 a multiple of 3?
True
Is 1708500 a multiple of 510?
True
Is 192 a factor of 911725400?
False
Is 771697035 a multiple of 9?
True
Is 10 a factor of 169530?
True
Does 143 divide 221104973?
False
Is 8137581 a multiple of 349?
False
Is 1613845174 a multiple of 6?
False
Is 1593 a factor of 5431098?
False
Is 9003744 a multiple of 51?
True
Is 12 a factor of 396933876?
True
Is 145320966 a multiple of 54?
True
Does 133 divide 14037726?
False
Is 406 a factor of 418845025?
False
Is 2206877660 a multiple of 1084?
True
Does 356 divide 6880430565?
False
Is 49014116 a multiple of 4?
True
Is 231 a factor of 71641647?
True
Is 4115052014 a multiple of 7778?
True
Does 10 divide 84079370?
True
Is 1151502912 a multiple of 32?
True
Is 989816002 a multiple of 83?
True
Is 1340129232 a multiple of 1404?
True
Is 435059219 a multiple of 18?
False
Is 76772093 a multiple of 1011?
False
Is 302886012 a multiple of 26?
True
Does 64 divide 340174978?
False
Is 12690762 a multiple of 14?
True
Is 8 a factor of 766574?
False
Is 28000940 a multiple of 55?
True
Is 75378911 a multiple of 186?
False
Is 61 a factor of 73987754?
True
Is 225 a factor of 17209100?
False
Is 180237730 a multiple of 502?
False
Does 200 divide 55449359?
False
Is 35 a factor of 5927530?
True
Is 262 a factor of 43682736?
True
Is 3019692936 a multiple of 8?
True
Is 105 a factor of 633535036?
False
Is 174797803 a multiple of 119?
False
Does 365 divide 19296882?
False
Does 12 divide 1189483703?
False
Is 3614322 a multiple of 9?
False
Does 1921 divide 55543417?
False
Is 58196620 a multiple of 10?
True
Is 11 a factor of 18511420?
False
Is 320 a factor of 3816640?
True
Does 192 divide 130578873?
False
Is 194 a factor of 75627555?
False
Is 13 a factor of 69282460?
True
Is 19 a factor of 130633493?
True
Is 5 a factor of 1071482?
False
Is 175829113 a multiple of 1201?
False
Does 45 divide 801104?
False
Is 812962246 a multiple of 107?
True
Is 668293060 a multiple of 115?
True
Is 125420115 a multiple of 31?
False
Does 26 divide 454547808?
True
Does 3 divide 1569413?
False
Is 114510512 a multiple of 2090?
False
Is 13 a factor of 4277368792?
False
Is 1197098962 a multiple of 12370?
False
Is 427252392 a multiple of 152?
True
Is 1269667682 a multiple of 3286?
True
Does 1427 divide 26933198?
True
Is 138 a factor of 52927278?
True
Does 791 divide 38307367?
False
Does 142 divide 50337707?
False
Is 581894523 a multiple of 42?
False
Is 1805998658 a multiple of 513?
False
Is 264 a factor of 17728392?
True
Is 796 a factor of 730449879?
False
Is 394048240 a multiple of 80?
True
Does 835 divide 688566885?
True
Is 2184 a factor of 249506